n thousands digit of 31129675?
2
What is the ten thousands digit of 366308241?
0
What is the thousands digit of 138000131?
0
What is the units digit of 1574524637?
7
What is the hundred thousands digit of 1091660704?
6
What is the tens digit of 1652192330?
3
What is the ten thousands digit of 101083132?
8
What is the hundred millions digit of 2051797549?
0
What is the tens digit of 12695242?
4
What is the ten millions digit of 899115868?
9
What is the thousands digit of 855301112?
1
What is the ten thousands digit of 356987541?
8
What is the hundred millions digit of 1958244330?
9
What is the thousands digit of 364742568?
2
What is the millions digit of 315310683?
5
What is the ten thousands digit of 47127322?
2
What is the hundred thousands digit of 57935455?
9
What is the ten thousands digit of 3971959899?
5
What is the hundred thousands digit of 480478229?
4
What is the tens digit of 75243366?
6
What is the millions digit of 172351835?
2
What is the hundred thousands digit of 107244756?
2
What is the thousands digit of 31178225?
8
What is the billions digit of 1100465883?
1
What is the hundreds digit of 2609404862?
8
What is the hundreds digit of 120957615?
6
What is the hundreds digit of 1651427837?
8
What is the hundreds digit of 110257751?
7
What is the millions digit of 1064812298?
4
What is the hundred millions digit of 4759937629?
7
What is the ten millions digit of 69399347?
6
What is the tens digit of 1672110095?
9
What is the hundreds digit of 1685003133?
1
What is the units digit of 414662522?
2
What is the tens digit of 43880842?
4
What is the ten millions digit of 498448981?
9
What is the ten millions digit of 718350880?
1
What is the tens digit of 57837510?
1
What is the hundreds digit of 728846004?
0
What is the tens digit of 513036610?
1
What is the tens digit of 41558048?
4
What is the millions digit of 247918181?
7
What is the ten millions digit of 211096904?
1
What is the hundred thousands digit of 2153307281?
3
What is the millions digit of 20657539?
0
What is the thousands digit of 83661865?
1
What is the ten thousands digit of 763250917?
5
What is the millions digit of 887517711?
7
What is the millions digit of 70269158?
0
What is the tens digit of 26133534?
3
What is the units digit of 624263788?
8
What is the ten thousands digit of 128008760?
0
What is the ten millions digit of 31710352?
3
What is the thousands digit of 516267995?
7
What is the ten millions digit of 721349266?
2
What is the hundred thousands digit of 56661033?
6
What is the millions digit of 1145698258?
5
What is the hundred millions digit of 1325770157?
3
What is the units digit of 4268631181?
1
What is the tens digit of 51390797?
9
What is the units digit of 51473955?
5
What is the tens digit of 51649623?
2
What is the ten thousands digit of 642352575?
5
What is the thousands digit of 96719613?
9
What is the billions digit of 2153246806?
2
What is the ten thousands digit of 85523776?
2
What is the millions digit of 89470108?
9
What is the ten thousands digit of 188480584?
8
What is the ten thousands digit of 12658044?
5
What is the thousands digit of 774577139?
7
What is the hundred thousands digit of 561674021?
6
What is the hundreds digit of 47262180?
1
What is the thousands digit of 4705552093?
2
What is the units digit of 4166805589?
9
What is the billions digit of 1396672781?
1
What is the millions digit of 679150950?
9
What is the ten millions digit of 122786090?
2
What is the hundreds digit of 566116344?
3
What is the billions digit of 3423763059?
3
What is the millions digit of 804970071?
4
What is the thousands digit of 82952198?
2
What is the hundreds digit of 50317873?
8
What is the millions digit of 289794442?
9
What is the hundred millions digit of 104742171?
1
What is the ten thousands digit of 91146955?
4
What is the ten thousands digit of 143868242?
6
What is the thousands digit of 123936918?
6
What is the hundred millions digit of 2795061322?
7
What is the thousands digit of 19646269?
6
What is the units digit of 4283840329?
9
What is the units digit of 731131724?
4
What is the thousands digit of 65636464?
6
What is the hundreds digit of 3121424429?
4
What is the hundreds digit of 23249939?
9
What is the tens digit of 150386804?
0
What is the millions digit of 107717242?
7
What is the hundreds digit of 648064050?
0
What is the billions digit of 2976886604?
2
What is the thousands digit of 352181926?
1
What is the tens digit of 103841243?
4
What is the hundred thousands digit of 42973699?
9
What is the hundred thousands digit of 674272947?
2
What is the millions digit of 73006822?
3
What is the hundreds digit of 1622910638?
6
What is the hundreds digit of 2974730583?
5
What is the units digit of 142727542?
2
What is the hundreds digit of 148566182?
1
What is the thousands digit of 49667247?
7
What is the millions digit of 144491351?
4
What is the billions digit of 1556256243?
1
What is the thousands digit of 6822148858?
8
What is the tens digit of 1679519?
1
What is the ten millions digit of 4923829699?
2
What is the tens digit of 204237869?
6
What is the ten thousands digit of 344822314?
2
What is the hundred millions digit of 891502588?
8
What is the millions digit of 380646003?
0
What is the units digit of 9154617?
7
What is the ten millions digit of 446026276?
4
What is the millions digit of 2109837?
2
What is the ten thousands digit of 116257065?
5
What is the units digit of 1804499459?
9
What is the thousands digit of 5117238189?
8
What is the units digit of 129194755?
5
What is the hundred thousands digit of 7182322?
1
What is the ten millions digit of 2051805624?
5
What is the hundred millions digit of 5987660164?
9
What is the ten thousands digit of 31569665?
6
What is the millions digit of 58968784?
8
What is the ten millions digit of 50036320?
5
What is the units digit of 167192306?
6
What is the ten thousands digit of 2081216148?
1
What is the units digit of 204746693?
3
What is the tens digit of 1487680382?
8
What is the tens digit of 1380116565?
6
What is the millions digit of 33616446?
3
What is the thousands digit of 213385912?
5
What is the ten millions digit of 3100448621?
0
What is the millions digit of 105037230?
5
What is the thousands digit of 66714677?
4
What is the billions digit of 1048197018?
1
What is the units digit of 51243408?
8
What is the hundred thousands digit of 154041533?
0
What is the tens digit of 34651684?
8
What is the millions digit of 2116774?
2
What is the millions digit of 71925171?
1
What is the ten thousands digit of 92451710?
5
What is the ten millions digit of 599247263?
9
What is the hundred millions digit of 288416791?
2
What is the millions digit of 272799024?
2
What is the ten millions digit of 54886338?
5
What is the ten thousands digit of 457812804?
1
What is the ten millions digit of 3327981261?
2
What is the hundreds digit of 77330195?
1
What is the hundred millions digit of 276899065?
2
What is the tens digit of 57418396?
9
What is the tens digit of 4013864076?
7
What is the hundred thousands digit of 769444616?
4
What is the tens digit of 7560935701?
0
What is the ten millions digit of 899028749?
9
What is the hundreds digit of 1024487?
4
What is the millions digit of 200612406?
0
What is the millions digit of 1669591599?
9
What is the hundred thousands digit of 313387040?
3
What is the tens digit of 17293165?
6
What is the units digit of 258137126?
6
What is the ten thousands digit of 4412539155?
3
What is the billions digit of 1241646023?
1
What is the ten thousands digit of 69864585?
6
What is the tens digit of 437941254?
5
What is the hundred thousands digit of 116864134?
8
What is the thousands digit of 5494736446?
6
What is the hundred millions digit of 992141651?
9
What is the ten millions digit of 95618751?
9
What is the hundred thousands digit of 43013894?
0
What is the tens digit of 837305760?
6
What is the ten thousands digit of 280169178?
6
What is the units digit of 24427578?
8
What is the thousands digit of 1112193142?
3
What is the hundred thousands digit of 1283830027?
8
What is the hundred thousands digit of 60078447?
0
What is the ten thousands digit of 166438137?
3
What is the ten millions digit of 45397656?
4
What is the hundreds digit of 3410993621?
6